{"id":141,"date":"2022-02-12T11:54:45","date_gmt":"2022-02-12T10:54:45","guid":{"rendered":"https:\/\/veyziatrail.run\/?page_id=141"},"modified":"2026-01-13T15:52:19","modified_gmt":"2026-01-13T14:52:19","slug":"inscriptions","status":"publish","type":"page","link":"https:\/\/veyziatrail.run\/index.php\/inscriptions\/","title":{"rendered":"Inscriptions"},"content":{"rendered":"\t\t<div data-elementor-type=\"wp-page\" data-elementor-id=\"141\" class=\"elementor elementor-141\">\n\t\t\t\t\t\t<section class=\"elementor-section elementor-top-section elementor-element elementor-element-f122402 elementor-section-boxed elementor-section-height-default elementor-section-height-default\" data-id=\"f122402\" data-element_type=\"section\" data-e-type=\"section\">\n\t\t\t\t\t\t<div class=\"elementor-container elementor-column-gap-default\">\n\t\t\t\t\t<div class=\"elementor-column elementor-col-100 elementor-top-column elementor-element elementor-element-e4e5ab4\" data-id=\"e4e5ab4\" data-element_type=\"column\" data-e-type=\"column\">\n\t\t\t<div class=\"elementor-widget-wrap elementor-element-populated\">\n\t\t\t\t\t\t<div class=\"elementor-element elementor-element-204183b elementor-widget elementor-widget-text-editor\" data-id=\"204183b\" data-element_type=\"widget\" data-e-type=\"widget\" data-widget_type=\"text-editor.default\">\n\t\t\t\t<div class=\"elementor-widget-container\">\n\t\t\t\t\t\t\t\t\t<p>Les inscriptions sont ouvertes!<\/p><p>\u00a0Cliquez sur le bouton ci-dessous pour vous inscrire sur les trails ou les randonn\u00e9es.<\/p>\t\t\t\t\t\t\t\t<\/div>\n\t\t\t\t<\/div>\n\t\t\t\t\t<\/div>\n\t\t<\/div>\n\t\t\t\t\t<\/div>\n\t\t<\/section>\n\t\t\t\t<section class=\"elementor-section elementor-top-section elementor-element elementor-element-42811b4 elementor-section-boxed elementor-section-height-default elementor-section-height-default\" data-id=\"42811b4\" data-element_type=\"section\" data-e-type=\"section\">\n\t\t\t\t\t\t<div class=\"elementor-container elementor-column-gap-default\">\n\t\t\t\t\t<div class=\"elementor-column elementor-col-100 elementor-top-column elementor-element elementor-element-e8809e2\" data-id=\"e8809e2\" data-element_type=\"column\" data-e-type=\"column\">\n\t\t\t<div class=\"elementor-widget-wrap elementor-element-populated\">\n\t\t\t\t\t\t<div class=\"elementor-element elementor-element-b294e32 elementor-button-success elementor-align-center elementor-widget elementor-widget-button\" data-id=\"b294e32\" data-element_type=\"widget\" data-e-type=\"widget\" data-widget_type=\"button.default\">\n\t\t\t\t<div class=\"elementor-widget-container\">\n\t\t\t\t\t\t\t\t\t<div class=\"elementor-button-wrapper\">\n\t\t\t\t\t<a class=\"elementor-button elementor-button-link elementor-size-sm\" href=\"https:\/\/www.ledossard.com\/inscription\/index.php?id=3400\" target=\"_blank\">\n\t\t\t\t\t\t<span class=\"elementor-button-content-wrapper\">\n\t\t\t\t\t\t\t\t\t<span class=\"elementor-button-text\">Je m'inscris!<\/span>\n\t\t\t\t\t<\/span>\n\t\t\t\t\t<\/a>\n\t\t\t\t<\/div>\n\t\t\t\t\t\t\t\t<\/div>\n\t\t\t\t<\/div>\n\t\t\t\t\t<\/div>\n\t\t<\/div>\n\t\t\t\t\t<\/div>\n\t\t<\/section>\n\t\t\t\t<section class=\"elementor-section elementor-top-section elementor-element elementor-element-412dc7f elementor-section-boxed elementor-section-height-default elementor-section-height-default\" data-id=\"412dc7f\" data-element_type=\"section\" data-e-type=\"section\">\n\t\t\t\t\t\t<div class=\"elementor-container elementor-column-gap-default\">\n\t\t\t\t\t<div class=\"elementor-column elementor-col-100 elementor-top-column elementor-element elementor-element-cbc9535\" data-id=\"cbc9535\" data-element_type=\"column\" data-e-type=\"column\">\n\t\t\t<div class=\"elementor-widget-wrap elementor-element-populated\">\n\t\t\t\t\t\t<div class=\"elementor-element elementor-element-56e00c2 elementor-widget elementor-widget-button\" data-id=\"56e00c2\" data-element_type=\"widget\" data-e-type=\"widget\" data-widget_type=\"button.default\">\n\t\t\t\t<div class=\"elementor-widget-container\">\n\t\t\t\t\t\t\t\t\t<div class=\"elementor-button-wrapper\">\n\t\t\t\t\t<a class=\"elementor-button elementor-button-link elementor-size-sm\" href=\"https:\/\/pps.athle.fr\/\" target=\"_blank\">\n\t\t\t\t\t\t<span class=\"elementor-button-content-wrapper\">\n\t\t\t\t\t\t\t\t\t<span class=\"elementor-button-text\">Nouveau : Vous pouvez vous inscrire avec un PPS au lieu du certificat m\u00e9dical         <\/span>\n\t\t\t\t\t<\/span>\n\t\t\t\t\t<\/a>\n\t\t\t\t<\/div>\n\t\t\t\t\t\t\t\t<\/div>\n\t\t\t\t<\/div>\n\t\t\t\t\t<\/div>\n\t\t<\/div>\n\t\t\t\t\t<\/div>\n\t\t<\/section>\n\t\t\t\t<section class=\"elementor-section elementor-top-section elementor-element elementor-element-4ddb405 elementor-section-boxed elementor-section-height-default elementor-section-height-default\" data-id=\"4ddb405\" data-element_type=\"section\" data-e-type=\"section\">\n\t\t\t\t\t\t<div class=\"elementor-container elementor-column-gap-default\">\n\t\t\t\t\t<div class=\"elementor-column elementor-col-50 elementor-top-column elementor-element elementor-element-08bd1f3\" data-id=\"08bd1f3\" data-element_type=\"column\" data-e-type=\"column\">\n\t\t\t<div class=\"elementor-widget-wrap elementor-element-populated\">\n\t\t\t\t\t\t<div class=\"elementor-element elementor-element-d1b6ad5 elementor-widget__width-initial elementor-widget elementor-widget-heading\" data-id=\"d1b6ad5\" data-element_type=\"widget\" data-e-type=\"widget\" data-widget_type=\"heading.default\">\n\t\t\t\t<div class=\"elementor-widget-container\">\n\t\t\t\t\t<h6 class=\"elementor-heading-title elementor-size-default\"><a href=\"https:\/\/pps.athle.fr\/\" target=\"_blank\">Ami(e) coureurs, La F\u00e9d\u00e9ration Fran\u00e7aise d'Athl\u00e9tisme lance le Parcours Pr\u00e9vention Sant\u00e9 qui vise \u00e0 remplacer le certificat m\u00e9dical n\u00e9cessaire.<br>Vous pouvez justifier votre capacit\u00e9 \u00e0 courir le Veyziatrail avec une attestation PPS \u00e0 obtenir sur https:\/\/pps.athle.fr\/<\/a><\/h6>\t\t\t\t<\/div>\n\t\t\t\t<\/div>\n\t\t\t\t\t<\/div>\n\t\t<\/div>\n\t\t\t\t<div class=\"elementor-column elementor-col-50 elementor-top-column elementor-element elementor-element-4395053\" data-id=\"4395053\" data-element_type=\"column\" data-e-type=\"column\">\n\t\t\t<div class=\"elementor-widget-wrap elementor-element-populated\">\n\t\t\t\t\t\t<div class=\"elementor-element elementor-element-51c8693 elementor-widget elementor-widget-image\" data-id=\"51c8693\" data-element_type=\"widget\" data-e-type=\"widget\" data-widget_type=\"image.default\">\n\t\t\t\t<div class=\"elementor-widget-container\">\n\t\t\t\t\t\t\t\t\t\t\t\t\t\t\t\t<a href=\"https:\/\/pps.athle.fr\/\" target=\"_blank\">\n\t\t\t\t\t\t\t<img fetchpriority=\"high\" decoding=\"async\" width=\"740\" height=\"505\" src=\"https:\/\/veyziatrail.run\/wp-content\/uploads\/2024\/03\/parcours_prevention_PPS.png\" class=\"attachment-large size-large wp-image-2152\" alt=\"\" srcset=\"https:\/\/veyziatrail.run\/wp-content\/uploads\/2024\/03\/parcours_prevention_PPS.png 1920w, https:\/\/veyziatrail.run\/wp-content\/uploads\/2024\/03\/parcours_prevention_PPS-1048x715.png 1048w, https:\/\/veyziatrail.run\/wp-content\/uploads\/2024\/03\/parcours_prevention_PPS-768x524.png 768w, https:\/\/veyziatrail.run\/wp-content\/uploads\/2024\/03\/parcours_prevention_PPS-1536x1048.png 1536w, https:\/\/veyziatrail.run\/wp-content\/uploads\/2024\/03\/parcours_prevention_PPS-1320x901.png 1320w\" sizes=\"100vw\" \/>\t\t\t\t\t\t\t\t<\/a>\n\t\t\t\t\t\t\t\t\t\t\t\t\t\t\t<\/div>\n\t\t\t\t<\/div>\n\t\t\t\t\t<\/div>\n\t\t<\/div>\n\t\t\t\t\t<\/div>\n\t\t<\/section>\n\t\t\t\t<\/div>\n\t\t","protected":false},"excerpt":{"rendered":"<p>Les inscriptions sont ouvertes! \u00a0Cliquez sur le bouton ci-dessous pour vous inscrire sur les trails ou les randonn\u00e9es. Je m&rsquo;inscris! Nouveau : Vous pouvez vous inscrire avec un PPS au lieu du certificat m\u00e9dical Ami(e) coureurs, La F\u00e9d\u00e9ration Fran\u00e7aise d&rsquo;Athl\u00e9tisme lance le Parcours Pr\u00e9vention Sant\u00e9 qui vise \u00e0 remplacer le certificat m\u00e9dical n\u00e9cessaire.Vous pouvez justifier &hellip; <\/p>\n<p class=\"link-more\"><a href=\"https:\/\/veyziatrail.run\/index.php\/inscriptions\/\" class=\"more-link\">Continuer la lecture<span class=\"screen-reader-text\"> de &laquo;&nbsp;Inscriptions&nbsp;&raquo;<\/span><\/a><\/p>\n","protected":false},"author":1,"featured_media":0,"parent":0,"menu_order":0,"comment_status":"closed","ping_status":"closed","template":"","meta":{"footnotes":""},"class_list":["post-141","page","type-page","status-publish","hentry"],"_links":{"self":[{"href":"https:\/\/veyziatrail.run\/index.php\/wp-json\/wp\/v2\/pages\/141","targetHints":{"allow":["GET"]}}],"collection":[{"href":"https:\/\/veyziatrail.run\/index.php\/wp-json\/wp\/v2\/pages"}],"about":[{"href":"https:\/\/veyziatrail.run\/index.php\/wp-json\/wp\/v2\/types\/page"}],"author":[{"embeddable":true,"href":"https:\/\/veyziatrail.run\/index.php\/wp-json\/wp\/v2\/users\/1"}],"replies":[{"embeddable":true,"href":"https:\/\/veyziatrail.run\/index.php\/wp-json\/wp\/v2\/comments?post=141"}],"version-history":[{"count":0,"href":"https:\/\/veyziatrail.run\/index.php\/wp-json\/wp\/v2\/pages\/141\/revisions"}],"wp:attachment":[{"href":"https:\/\/veyziatrail.run\/index.php\/wp-json\/wp\/v2\/media?parent=141"}],"curies":[{"name":"wp","href":"https:\/\/api.w.org\/{rel}","templated":true}]}}